vided by 8.
6
Suppose -4*n + 64 = 2*x, 8*x - 3*x + 50 = 4*n. What is the remainder when 1093 is divided by n?
13
Let d(f) = 117*f**2 - 241*f + 2479. What is the remainder when d(10) is divided by 149?
147
Let u(r) = -r + 6. Let i be u(-22). Let o = i + -35. What is the remainder when (408/30)/(-1 + o/(-5)) is divided by 13?
8
Suppose 2*a = -a - 69. Let u be 46/(-115) - 257/(-5). Let y = u - a. Calculate the remainder when y is divided by 19.
17
Let d = -16996 - -17282. Calculate the remainder when d is divided by 8.
6
Let g(k) = 2*k**3 + 61*k**2 - 85*k + 86. What is the remainder when g(-29) is divided by 54?
52
Suppose -29 = -7*d - 15. Suppose d*y = 6*s - 3*s + 131, 2*y - 121 = 5*s. What is the remainder when y is divided by 28?
17
Let j = 0 - -4. Let i = 10916 + -10904. Calculate the remainder when -1*(j/(-2) + -15) is divided by i.
5
Calculate the remainder when 334 is divided by 14*(-5)/(-10) - (-64 + -2).
42
Calculate the remainder when ((-1764)/105)/((-3)/10) is divided by 16.
8
Let t be -3 + 220/(2 - -3). Let i = 1 + t. Calculate the remainder when 123 is divided by i.
39
Let w(r) = 51*r + 105. Calculate the remainder when w(13) is divided by 42.
12
Calculate the remainder when 203 is divided by 2*(3 - -13)/(-8)*(-3)/4.
2
Let z = 413 - 409. Let h(o) = -2*o - 3. Let n be h(-5). Suppose -n*k + 138 = -z*k. What is the remainder when k is divided by 13?
7
Let m(d) = -57*d - 2431. What is the remainder when m(-111) is divided by 20?
16
Let f = -38 - -245. Let l = -189 + f. Calculate the remainder when l is divided by 9.
0
Suppose 12*w - 7*w = 850. Suppose 0 = -3*j + 13*j - w. Let a = 24 - j. Calculate the remainder when 33 is divided by a.
5
Suppose 3*c = -4*k - 965, -3*c - 2*c = 4*k + 1611. Let i = c + 514. What is the remainder when i is divided by 15?
11
Let x(u) = 10*u**2 - 2*u - 6. Let g be x(3). Let k = g - 72. Calculate the remainder when k*((-215)/(-10) - 4) is divided by 27.
24
Suppose 7*t - 6*t = -3*v + 180, 3*t + 286 = 5*v. Suppose 3*d - q - 13 = 0, 4*q + 7 = -9. Suppose -d = b - 7. Calculate the remainder when v is divided by b.
3
Let q(j) = -j**3 + 46*j**2 - 80*j + 551. What is the remainder when q(33) is divided by 85?
83
Suppose -c + 255 = 3*q + 108, -297 = -2*c - 5*q. Calculate the remainder when 451 is divided by c.
139
Let r = 15 - -2. Let f = -11 + r. Calculate the remainder when (3/1)/(2/((-46)/(-3))) is divided by f.
5
Let b be (-10)/(19/(-42) - (-2)/7). Let j(v) = v + b + v**3 - 8 + 108 + v**2 + 0*v. What is the remainder when j(0) is divided by 27?
25
Let a(k) = -k**3 + 22*k**2 - 5*k + 222. What is the remainder when 432 is divided by a(22)?
96
Let x = 6069 + -2176. What is the remainder when x is divided by 19?
17
Let w = -10 + 16. Let a = -136 - -719. Suppose -163 + a = 20*f. What is the remainder when f is divided by w?
3
Let o = 2870 - 2828. What is the remainder when 128 is divided by o?
2
Suppose 2*p = -5*f - 643 - 100, -2*f - 758 = 2*p. Let r = p - -417. Calculate the remainder when r is divided by 18.
15
Suppose 116 = -5*i - 59. Let p = 11 - i. Calculate the remainder when 91 is divided by p.
45
Let i(m) = 7*m**3 - m**3 - 4*m + 8 + 4*m**2 - m**3. What is the remainder when i(3) is divided by 21?
20
Let y(b) = b**2 + 3*b - 9. Suppose -16*q + 36*q - 1400 = 0. Calculate the remainder when q is divided by y(-6).
7
Let a(o) = -26*o - 38. Let h be a(0). Let r = h + 41. Calculate the remainder when 6 is divided by r.
0
Let n be (-9)/(-2)*117 + (-2)/4. Suppose n - 489 = t. Calculate the remainder when t is divided by 21.
16
Let k(d) = -552*d + 4668. Calculate the remainder when k(7) is divided by 13/(-2)*-1*2.
11
Let t(z) = -3*z**3 + 35*z**2 + 13*z - 9. Let k be t(10). Let j = k + -575. Calculate the remainder when -2 - (-1 - (-2 + 138)) is divided by j.
43
Suppose 2*x + 33 - 42 = -q, 5*q = 2*x + 45. Calculate the remainder when 4/q - 309*8/(-27) is divided by 32.
28
Let d = -10186 + 10226. Calculate the remainder when 376 is divided by d.
16
Let c = -43 + 14. Let m = 32 + c. Calculate the remainder when 87 is divided by 23 - m*(-2)/(-6).
21
Let f(a) = -a**3 + 8*a**2 + 132*a - 846. What is the remainder when 1170 is divided by f(6)?
0
Let r(c) = c + 22. Let a(d) = 108*d**3 + 2*d**2 + 7*d + 6. Let w be a(-1). Let q = 146 + w. Calculate the remainder when q is divided by r(-12).
9
Let h = -7 + 30. What is the remainder when 0 + -1 + 388/1067 + 755/11 is divided by h?
22
Let y(a) = a**3 - 5*a**2 - 4*a + 6. Suppose 8 = -10*o + 8*o. What is the remainder when (-528)/(-4)*7/((-42)/o) is divided by y(6)?
16
Suppose 8*y = 32*y - 4056. Let l = y - 166. What is the remainder when l is divided by 2?
1
Let a(b) = -b**3 - 28*b**2 - 77*b - 25. Suppose 5*j - 84 = -2*d + 37, 4*d + 2*j = 202. What is the remainder when d is divided by a(-25)?
23
Let k = 245 + -241. Suppose -45 = -3*u + g, 40 = -k*u - 2*g + 100. What is the remainder when 357 is divided by u?
12
Suppose -5*x = -17 - 8. Suppose -4*s + 3*m = -12, -2 - 8 = -5*s + x*m. Let p(v) = v**2 - 8*v + 19. Calculate the remainder when 12 is divided by p(s).
5
Suppose 125*m = 39224 - 11474. What is the remainder when 4880 is divided by m?
218
Let b(v) = -15 + 105*v - 14 - v**2 + 3 - 103*v. Let l be b(-12). Let a = -106 - l. What is the remainder when a is divided by 30?
28
Suppose 8*g - 237 + 5 = 0. Suppose -4*q - 2*t + 0*t = -50, 5*t = -2*q + g. What is the remainder when 36 is divided by 2 + (-15)/6 - (-174)/q?
8
Suppose -397 + 292 = -5*o. Suppose 18 = -9*r - 0*r. Let b(z) = -10*z**3 + z**2 + 2*z + 2. What is the remainder when b(r) is divided by o?
19
Suppose -7*b = a - 1452, -2*a = -17*b + 21*b - 824. What is the remainder when 1242 is divided by b?
202
Let d = -18 + 34. Suppose -31*a - 17*a + 2827 = 955. What is the remainder when a is divided by d?
7
Let h = -43 + 74. Let i(k) = -3*k**3 - k**2 + 3*k - 5. Let x be i(2). Let f = h + x. What is the remainder when 15 is divided by f?
3
Suppose -r - z = -145, -3*r - 273 + 704 = 2*z. Suppose n - 5*n - 284 = 0. Let i = r + n. What is the remainder when i is divided by 12?
10
Suppose 3*m = 2*n + 7 + 111, -3*n + 129 = 4*m. What is the remainder when 251 is divided by m?
35
Suppose -r - 3 = 0, 3*r - 1 = -s + 2*r. Suppose -2*m + 3 = -3*b - 1, s*b = 8. Calculate the remainder when 73 is divided by -1 + m + (-42)/(-2).
23
Suppose 0 = -r - 4*p + 27, 4*r - 3*p + 18 = 50. Let g(x) = -x**2 + 12*x - 12. Let u be g(r). Let d = 32 - u. What is the remainder when d is divided by 15?
3
Let n(m) = -m**2 + 17. Let r be n(0). Suppose -4*v = -77 + r. Suppose 4*o + 41 = 157. What is the remainder when o is divided by v?
14
Suppose -3*u + 5*r = -5*u + 76, r + 2 = 0. What is the remainder when 793 is divided by u?
19
Let f = 73 - 234. Let r = 283 + f. What is the remainder when r is divided by 18?
14
Suppose 25 = -5*t, -49*f = -53*f - 3*t + 6321. What is the remainder when f is divided by 61?
59
Suppose -34*c = -25*c - 9. Suppose 6*w - 1 = 2*w + 5*x, -3*w + c = -4*x. What is the remainder when 73 is divided by (2/12*2)/(w/(-45))?
13
Let k(v) = 26 + 14 + 14 + 7*v**2 - 14 + 3*v - 2*v**2. Let b(q) = 3*q**3 - q**2 + 1. Calculate the remainder when k(0) is divided by b(2).
19
Let t(d) = 2*d - 19. Let a be 1 - (-4 + 3 + -10). Let z be t(a). Suppose 3*i - 15 = -2*i - z*q, -q + 12 = 4*i. What is the remainder when 6 is divided by i?
0
Let h = 18225 + -18200. Calculate the remainder when 138/(-4)*8/(-6) is divided by h.
21
Let y(h) = -8*h + 1. Let p be y(-10). Suppose -3*b + p + 24 = 0. Let f(r) = -2*r**3 - 20*r**2 + 49*r + 24. What is the remainder when b is divided by f(-12)?
11
Let j(r) = r**3 - 9*r**2 - 2*r + 16. Let x be j(9). Let d(y) = 73*y**2 - 10*y - 5. Calculate the remainder when d(x) is divided by 77.
76
What is the remainder when 4082 is divided by ((-20)/(-8))/((-108)/(-2592)*(6 - 1))?
2
Suppose -4*z + r + 122 = 0, 5*z + 4*r - 188 = -4. What is the remainder when 288 is divided by z?
0
Let g = -249 + 249. Suppose 9*u + 36 - 315 = g. Calculate the remainder when 214 is divided by u.
28
Let i(q) = 24*q + 11. Let l be i(-7). Let o = l + 202. What is the remainder when 265 is divided by o?
40
Let w = 24196 - 24105. Calculate the remainder when 3545 is divided by w.
87
Let y(k) = k**2 - 5*k + 4. Let p be y(5). Suppose -5*c - 5*u = 0, c + p*u - 4 = 2. W